{"id":72,"date":"2015-03-18T11:51:11","date_gmt":"2015-03-18T10:51:11","guid":{"rendered":"http:\/\/www.bestattungen-meid.de\/?page_id=72"},"modified":"2015-04-01T08:29:20","modified_gmt":"2015-04-01T06:29:20","slug":"vorsorge","status":"publish","type":"page","link":"https:\/\/www.bestattungen-meid.de\/?page_id=72","title":{"rendered":"Vorsorge"},"content":{"rendered":"<h1>Vorsorge<\/h1>\n<p>Haben Sie bereits konkrete Vorstellungen und W\u00fcnsche f\u00fcr Ihre eigene Bestattung, m\u00f6chten Sie Ihren Angeh\u00f6rigen die Entscheidung und finanzielle Belastung abnehmen oder haben keine Angeh\u00f6rigen, dann empfiehlt sich der Abschluss eines Bestattungs-Vorsorgevertrages.<\/p>\n<p>Dieser Vertrag ist f\u00fcr alle verbindlich, sowohl f\u00fcr uns als auch f\u00fcr Ihre Erben. Zur Deckung s\u00e4mtlicher Kosten kann eine Sterbegeldversicherung abgeschlossen werden.<\/p>\n<p>Der Versicherungsschein wird dem Vorsorgevertrag beigef\u00fcgt und nach Eintritt des Todes mit einer Sterbeurkunde bei der Versicherung eingereicht. Es besteht aber auch die M\u00f6glichkeit, den voraussichtlich erforderlichen Geldbetrag auf ein Treuhandkonto zu hinterlegen.<br \/>\nZu einem Beratungsgespr\u00e4ch sind wir jederzeit bereit.<\/p>\n<p>Rufen Sie uns an <b>Tel: 07253\/ 880 130<\/b> und vereinbaren Sie einen kostenlosen und unverbindlichen Beratungstermin. Gerne k\u00f6nnen Sie auch unser <strong><a title=\"Kontakt\" href=\"http:\/\/www.bestattungen-meid.de\/?page_id=81\">Kontakformular<\/a><\/strong> nutzen.<\/p>\n","protected":false},"excerpt":{"rendered":"<p>Vorsorge Haben Sie bereits konkrete Vorstellungen und W\u00fcnsche f\u00fcr Ihre eigene Bestattung, m\u00f6chten Sie Ihren Angeh\u00f6rigen die Entscheidung und finanzielle Belastung abnehmen oder haben keine Angeh\u00f6rigen, dann empfiehlt sich der Abschluss eines Bestattungs-Vorsorgevertrages. Dieser Vertrag ist f\u00fcr alle verbindlich, sowohl f\u00fcr uns als auch f\u00fcr Ihre Erben. Zur Deckung s\u00e4mtlicher Kosten kann eine Sterbegeldversicherung abgeschlossen &hellip; <a href=\"https:\/\/www.bestattungen-meid.de\/?page_id=72\" class=\"more-link\">Continue reading <span class=\"screen-reader-text\">Vorsorge<\/span> <span class=\"meta-nav\">&rarr;<\/span><\/a><\/p>\n","protected":false},"author":1,"featured_media":0,"parent":0,"menu_order":0,"comment_status":"closed","ping_status":"closed","template":"","meta":[],"_links":{"self":[{"href":"https:\/\/www.bestattungen-meid.de\/index.php?rest_route=\/wp\/v2\/pages\/72"}],"collection":[{"href":"https:\/\/www.bestattungen-meid.de\/index.php?rest_route=\/wp\/v2\/pages"}],"about":[{"href":"https:\/\/www.bestattungen-meid.de\/index.php?rest_route=\/wp\/v2\/types\/page"}],"author":[{"embeddable":true,"href":"https:\/\/www.bestattungen-meid.de\/index.php?rest_route=\/wp\/v2\/users\/1"}],"replies":[{"embeddable":true,"href":"https:\/\/www.bestattungen-meid.de\/index.php?rest_route=%2Fwp%2Fv2%2Fcomments&post=72"}],"version-history":[{"count":3,"href":"https:\/\/www.bestattungen-meid.de\/index.php?rest_route=\/wp\/v2\/pages\/72\/revisions"}],"predecessor-version":[{"id":224,"href":"https:\/\/www.bestattungen-meid.de\/index.php?rest_route=\/wp\/v2\/pages\/72\/revisions\/224"}],"wp:attachment":[{"href":"https:\/\/www.bestattungen-meid.de\/index.php?rest_route=%2Fwp%2Fv2%2Fmedia&parent=72"}],"curies":[{"name":"wp","href":"https:\/\/api.w.org\/{rel}","templated":true}]}}